8. What is the tens digit of (3624/(-32))/(j/24 + 3)?
0
Let v(r) = -1860*r + 3826. What is the hundreds digit of v(-17)?
4
Let u = -3392 - -13112. What is the units digit of u?
0
Let n(h) = -51 + 1 + 10*h - 45. Let w be n(10). Suppose -9*b - 247 = -c - 5*b, -w*b + 1235 = 5*c. What is the units digit of c?
7
Let r be 29/3 - 4 - (-4)/(-6). Let u(y) = -31*y - y - 2 - 3 - r. What is the tens digit of u(-2)?
5
Suppose -4*z + q + 76052 = 4272, 0 = 4*z - 2*q - 71780. What is the ten thousands digit of z?
1
Let b(h) = -h - 8*h - h**2 + 11 - 4*h. Let j be b(-13). Suppose 12*n - 50 = j*n. What is the tens digit of n?
5
Let a(z) = -z**2 + 2*z + 26. Let m be a(-4). Suppose -68 = -y - 12. What is the tens digit of y + 1/(5/m - 3)?
5
Let z be -3 - 3*(-4)/(-3 - -4). Let b(l) = 2 + 2*l**2 - 11*l + 5*l - z - 5. What is the tens digit of b(9)?
9
Let h be (-21538)/(-10) + (-13)/(-65). Suppose 3*t - 4*x = 3024, 4*t - 2*x - 1868 = h. What is the thousands digit of t?
1
Suppose -1043 = -3*x + 1081. Let a = 1601 - x. What is the tens digit of a?
9
Let d(k) = -9*k**3 + 4*k**2 + 4*k + 4. Suppose 2*o - 12 + 18 = 0. What is the tens digit of d(o)?
7
Let p(b) = -b**3 - 10*b**2 + 12*b + 3. Let t be p(-11). Let h = 524 + t. What is the tens digit of h?
1
Let u = 13147 + -6978. What is the thousands digit of u?
6
Let g(x) = 426*x + 705. Let i(l) = 639*l + 1057. Let f(r) = 7*g(r) - 5*i(r). What is the hundreds digit of f(-5)?
7
Let j = -475 + 706. Suppose z = 12*z - j. What is the units digit of z?
1
Suppose -52*t = -58*t + 4*q + 77308, q = -2*t + 25767. What is the tens digit of t?
8
Let g = -69 - -71. Let x be g/(-6)*(-5 + 8)*-4. What is the tens digit of 71 - x/((-8)/(-4))?
6
Suppose 119830 - 36687 = 25*b - 152507. What is the units digit of b?
6
Let z = 47 - 77. Let g be z/4*(-8)/12. Suppose -759 = 2*x - 6*x + 3*p, g*x - 5*p - 950 = 0. What is the hundreds digit of x?
1
Suppose -7*t = -2*t. Let m be (t - 66/(-15))/(4/(-580)). What is the units digit of (-4)/(-30) - m/165?
4
Let v(f) = 0*f - 5*f + 31 - 9*f. Suppose -3*y = 3*j + 12, 4*j - 4*y + 12 = -28. What is the tens digit of v(j)?
2
Let z be (4/24 + (-9)/6)*-6. Let c(f) = -f**2 - 2*f + 14. Let i be c(z). What is the tens digit of 2 - (-15)/(-3) - (i + 0)?
6
Let s(v) = 2*v + 4. Let t be s(-1). Suppose 5*x - 2 - 2 = d, 0 = t*d - 2*x - 8. Suppose 3*r - d*r = -96. What is the tens digit of r?
3
Suppose d + 157 = 2*c + 60, 4*d - 44 = -c. Let q = c + 447. What is the tens digit of q?
9
Suppose 621 = 3*n + 3*i, 0 = n + 5*i - i - 213. Let y = 472 - n. What is the units digit of y?
7
Let r = -361 + 359. What is the units digit of (28 - 1045)/(3/r)?
8
Suppose c - 127 = -5*h + 6, 0 = -2*h - 2*c + 50. What is the tens digit of h/(-12) - -2 - 5607/(-12)?
6
Let r be ((-2)/(-6))/((-6)/((-810)/(-5))). Let u be ((-6)/(-9))/(r/(-27)). Suppose 5*f - 4*j - 1040 = -0*f, 0 = -u*f + 5*j + 433. What is the units digit of f?
4
Let a = 50870 - 28496. What is the ten thousands digit of a?
2
Suppose -x + 3*x - 2*o - 2070 = 0, 0 = -5*x - 4*o + 5157. Suppose 2*n + q = 777, -x = -3*n + 4*q + 105. What is the units digit of n?
6
Suppose -17*d = -22*d + 85. Suppose -d*q + 8*q + 2673 = 0. What is the hundreds digit of q?
2
Let l = -9311 + 15902. What is the units digit of l?
1
Let t = 54 - 30. Suppose -2*a + 10*a = t. Suppose -3*r + 372 = a*r. What is the units digit of r?
2
Let w(a) = 3*a**2 + 26*a - 22. Let c be w(10). Suppose 171 = -g + c. What is the units digit of g?
7
Let k = 15156 - 1443. What is the units digit of k?
3
What is the tens digit of 1324589/34 - 104/(-16)?
6
Suppose 21*k = 2*g + 16*k - 94716, 4*k = 32. What is the tens digit of g?
7
Let v = -4 + 2. Suppose 78 = 53*y - 40*y. What is the tens digit of 309/9 + v/y?
3
Let m be (9 - 10) + 18 + -6. Suppose 0 = -m*g - 5*g + 4512. What is the hundreds digit of g?
2
Let i = 20 + -16. Suppose -4*d = i*d - 512. What is the units digit of d?
4
Let r be 2*((-3)/(-7) + (-435)/(-210)). Suppose 5*d - d + 2*g = 1012, -d = r*g - 271. What is the hundreds digit of d?
2
Suppose -15*l = -399 - 36. Let z = -5 - 0. Let o = l + z. What is the tens digit of o?
2
Let x be (-3)/2*((-245)/21 + -7). Suppose -2*o + 27 = 4*l - 5*o, -2*o = 5*l - x. Suppose 0 = m + w - 93, 4*w - 6*w = l. What is the tens digit of m?
9
Suppose 21558 = 5*o - k - 3265, -k - 19859 = -4*o. What is the hundreds digit of o?
9
Suppose 20*h = 17*h - 3*q + 235218, 3*h = 5*q + 235210. What is the tens digit of h?
0
Let y(x) = -x**3 + 6*x**2 + 13*x + 18. Let l(r) = -2. Let o(q) = -6*l(q) - y(q). What is the units digit of o(10)?
4
What is the units digit of 38850 - (25 - 152/19)?
3
Suppose 0*h - 3*h - 3*p = -60, -2*p = -h + 5. Let y(l) = l**3 + 5*l**2 + l - 4. Let u be y(-4). Suppose -u*d = -h*d + 441. What is the units digit of d?
3
Let g(v) = -4*v - 28. Let d be g(-12). Suppose d*o - 645 = 15*o. Suppose 0*f + f = -5*j + 656, 0 = -j + 2*f + o. What is the units digit of j?
1
What is the units digit of -19 + -21*(-56900)/15?
1
Let j = 79 + -122. Let b = 145 + j. What is the hundreds digit of b?
1
Let p = -83 + 140. Suppose p = -5*w + 872. Suppose 2*b - w + 15 = -3*r, -375 = -5*b - 5*r. What is the units digit of b?
7
Suppose 484 = 59*f - 57*f. Suppose 245*m - f*m = 1794. What is the tens digit of m?
9
Let t(i) = 10170*i - 2433. What is the tens digit of t(3)?
7
Let h(l) = -156*l**3 - 3*l**2 + 12*l + 24. What is the tens digit of h(-2)?
3
Let j(h) = -h + 51. Let g be j(20). Suppose -4*x = -8, u = -3*x - g - 11. Let r = 103 + u. What is the units digit of r?
5
Suppose -16*z = -9*z + 28. What is the units digit of 425 + ((-35)/(-14))/((-2)/z)?
0
Let v be 31/(-124) + (-11)/4. What is the units digit of (-13 - v)/(0 - 2)?
5
Suppose 2*s - 8 = 0, 13 = u + 4*s - 6. Suppose u*g - 10 = 3*c + 17, 0 = 2*g - 6. Let j(x) = 4*x**2 - 12*x + 5. What is the units digit of j(c)?
1
Let j = -39 + 40. Suppose -10*o = j + 19. What is the units digit of (-2079)/(-3 + -6) + (-2)/o?
2
Let w = 12768 + -2410. What is the tens digit of w?
5
Let l = 162 + -156. Suppose 443 = -l*a + 1631. What is the units digit of a?
8
Suppose -4*z = -6*z + 4*j, 0 = -5*j + 10. Let v(u) = 4*u**2 - 11. What is the tens digit of v(z)?
5
Let f(d) = -11*d + 149. Suppose -3*a - 102 = v, -4*v + 19 + 49 = -2*a. What is the units digit of f(a)?
3
Let w(i) = -i**2. Let c(v) = -v**2 - 4*v - 12. Let a(z) = c(z) - 2*w(z). Suppose -2*h = -4*h + 24. What is the tens digit of a(h)?
8
Let a = 18 + -19. Let f = 13 + a. What is the hundreds digit of (-4)/10*(-272 + f)?
1
Let j(o) = -o**3 - 20*o**2 + 74*o - 56. Let l be j(-24). Let c = l - 134. What is the units digit of c?
8
Let n = 619 + -878. Let r = n - -1778. What is the hundreds digit of r?
5
Let p(h) be the second derivative of -h**5/10 - h**4/4 + h**2/2 - h. Let f be (8 - (3 + -2))*(-80)/140. What is the tens digit of p(f)?
8
Suppose 8 = o - 5*o. Let g(p) = p**3 - 17*p**2 + 22*p + 18. Let w(s) = s**3 - 18*s**2 + 22*s + 19. Let r(m) = o*g(m) + 3*w(m). What is the tens digit of r(19)?
7
Let g(z) = z**3 - 22*z**2 + 7*z - 11. Let u be g(21). Let a = u + 831. What is the hundreds digit of a?
5
Let q = -618 + 1456. Let r = q + -492. What is the units digit of r?
6
Let d = 345 - 132. Suppose -5*l - m = -989, 0 = 14*l - 13*l + 4*m - d. What is the units digit of l?
7
Let c(j) be the first derivative of j**3/3 + 3*j**2 - 4*j + 115. Let z(k) = -3*k + 4. Let t be z(5). What is the units digit of c(t)?
1
Let w(j) = j**3 + 6*j**2 + j + 10. Let b = 83 + -90. Let t be w(b). Let f = t + 103. What is the tens digit of f?
5
Let h = 48808 - 20250. What is the units digit of h?
8
What is the hundreds digit of (-2)/((-12 + (-29256)/(-2439))*2/12)?
4
Let k = -2 + 1. Let w be 198/(k - (4 - 6)). Suppose w + 103 = 7*y. What is the tens digit of y?
4
Let h(p) = p**3 - 2*p**2. Let t be h(0). Suppose 2*r - 2*f - 28 = t, r = f - 5*f - 11. What is the units digit of r?
9
Suppose 0 = 90*d - 118475 - 330175. What is the thousands digit of d?
4
What is the units digit of (-14 - -14 - 31)*-116?
6
Let a(x) = 118*x**2 + 24*x + 236. What is the thousands digit of a(-11)?
4
Let f(g) = -36*g**3 + 5*g**2 + 14*g - 20. Let x(c) = -12*c**3 + 2*c**2 + 5*c - 7. Let q(z) = 4*f(z) - 11*x(z). What is the units digit of q(-3)?
0
Let h(x) = -x**3 + 21*x**2 + 33*x - 27. Suppose -2*i + 115 = 5*t,